5539
What are the prime factors of 2279996?
2, 59, 9661
What are the prime factors of 7876889?
101, 167, 467
List the prime factors of 219902.
2, 43, 2557
What are the prime factors of 40996586?
2, 20498293
What are the prime factors of 330123?
3, 17, 6473
List the prime factors of 9179978.
2, 103, 44563
What are the prime factors of 6046?
2, 3023
What are the prime factors of 133965?
3, 5, 13, 229
List the prime factors of 2435747.
37, 65831
What are the prime factors of 1274886?
2, 3, 23609
List the prime factors of 2794009.
47, 59447
What are the prime factors of 1489789?
7, 212827
What are the prime factors of 9495322?
2, 4747661
List the prime factors of 4727101.
97, 48733
What are the prime factors of 30052254?
2, 3, 5008709
What are the prime factors of 1349276?
2, 47, 7177
List the prime factors of 209826.
2, 3, 11657
What are the prime factors of 18634268?
2, 4658567
List the prime factors of 1890282.
2, 3, 315047
List the prime factors of 401181.
3, 11, 12157
List the prime factors of 2640486.
2, 3, 59, 7459
What are the prime factors of 4440301?
127, 34963
List the prime factors of 13171831.
881, 14951
List the prime factors of 1100033.
11, 100003
What are the prime factors of 58718?
2, 11, 17, 157
What are the prime factors of 134510?
2, 5, 13451
What are the prime factors of 264674?
2, 59, 2243
List the prime factors of 748578.
2, 3, 17, 41, 179
What are the prime factors of 3306586?
2, 1653293
List the prime factors of 1733271.
3, 577757
List the prime factors of 368387.
29, 12703
What are the prime factors of 11902401?
3, 7, 188927
What are the prime factors of 251266?
2, 73, 1721
What are the prime factors of 1906140?
2, 3, 5, 31769
What are the prime factors of 595976?
2, 23, 41, 79
List the prime factors of 181260.
2, 3, 5, 19, 53
List the prime factors of 101320.
2, 5, 17, 149
List the prime factors of 373555.
5, 7, 13, 821
What are the prime factors of 41651876?
2, 7, 19, 59, 1327
List the prime factors of 278487.
3, 11, 29, 97
List the prime factors of 896040.
2, 3, 5, 19, 131
What are the prime factors of 1772009?
673, 2633
What are the prime factors of 2062641?
3, 7, 98221
What are the prime factors of 218593?
79, 2767
What are the prime factors of 7247053?
11, 101, 593
List the prime factors of 2271203.
11, 19, 10867
What are the prime factors of 182001?
3, 19, 31, 103
List the prime factors of 14206189.
167, 257, 331
List the prime factors of 5766876.
2, 3, 17, 349
What are the prime factors of 4802223?
3, 1600741
What are the prime factors of 14991951?
3, 13, 53, 7253
What are the prime factors of 1291326?
2, 3, 373, 577
What are the prime factors of 422725?
5, 37, 457
List the prime factors of 1031383.
431, 2393
List the prime factors of 1909789.
7, 109, 2503
List the prime factors of 80434.
2, 131, 307
What are the prime factors of 860917?
860917
What are the prime factors of 3213600?
2, 3, 5, 13, 103
List the prime factors of 16352647.
127, 128761
List the prime factors of 1734942.
2, 3, 11, 97, 271
What are the prime factors of 1612109?
83, 19423
What are the prime factors of 4459128?
2, 3, 185797
What are the prime factors of 427397?
17, 31, 811
List the prime factors of 161795.
5, 32359
List the prime factors of 24322941.
3, 31, 87179
What are the prime factors of 364155?
3, 5, 11, 2207
What are the prime factors of 10441653?
3, 29, 257, 467
List the prime factors of 100386.
2, 3, 11, 13
What are the prime factors of 636789?
3, 233, 911
List the prime factors of 5628771.
3, 69491
List the prime factors of 17158851.
3, 23, 27631
What are the prime factors of 443124?
2, 3, 11, 373
What are the prime factors of 2198807?
13, 79, 2141
What are the prime factors of 10517944?
2, 19, 69197
What are the prime factors of 10315250?
2, 5, 11, 31
List the prime factors of 625087.
625087
What are the prime factors of 347425?
5, 13, 1069
What are the prime factors of 13497?
3, 11, 409
What are the prime factors of 10004169?
3, 7, 449, 1061
List the prime factors of 113194.
2, 56597
What are the prime factors of 774081?
3, 7, 11, 1117
List the prime factors of 362248.
2, 45281
List the prime factors of 1312895.
5, 97, 2707
What are the prime factors of 194100?
2, 3, 5, 647
List the prime factors of 7717.
7717
List the prime factors of 22852675.
5, 17, 3163
What are the prime factors of 23799407?
2719, 8753
List the prime factors of 3889431.
3, 7, 13, 1583
List the prime factors of 159796.
2, 7, 13, 439
What are the prime factors of 7722773?
7722773
What are the prime factors of 785276?
2, 47, 4177
What are the prime factors of 1284817?
41, 31337
What are the prime factors of 8180079?
3, 89, 30637
List the prime factors of 231445.
5, 41, 1129
List the prime factors of 309643.
19, 43, 379
What are the prime factors of 898434?
2, 3, 19, 37, 71
What are the prime factors of 573337?
179, 3203
What are the prime factors of 3856160?
2, 5, 7, 11, 313
What are the prime factors of 274607?
19, 97, 149
What are the prime factors of 3096685?
5, 193, 3209
What are the prime factors of 986282?
2, 11, 127, 353
List the prime factors of 10928160.
2, 3, 5, 7589
List the prime factors of 123597.
3, 31, 443
What are the prime factors of 44470?
2, 5, 4447
List the prime factors of 522643.
11, 47513
List the prime factors of 31169178.
2, 3, 47, 12281
List the prime factors of 455552.
2, 3559
List the prime factors of 23265309.
3, 347, 22349
What are the prime factors of 4609664?
2, 36013
List the prime factors of 5818815.
3, 5, 191, 677
List the prime factors of 1724305.
5, 11, 107, 293
What are the prime factors of 20650044?
2, 3, 23, 3253
List the prime factors of 19103925.
3, 5, 103, 2473
What are the prime factors of 2822595?
3, 5, 17, 11069
What are the prime factors of 103364?
2, 25841
What are the prime factors of 7291423?
7291423
What are the prime factors of 2680562?
2, 1340281
What are the prime factors of 98569?
241, 409
What are the prime factors of 3720261?
3, 1240087
What are the prime factors of 4786152?
2, 3, 7, 31, 919
What are the prime factors of 13391003?
37, 361919
What are the prime factors of 6004265?
5, 23, 109, 479
What are the prime factors of 139361?
139361
What are the prime factors of 80446?
2, 19, 29, 73
What are the prime factors of 41486?
2, 20743
List the prime factors of 1336695.
3, 5, 89113
List the prime factors of 7453676.
2, 839, 2221
List the prime factors of 526050.
2, 3, 5, 7, 167
List the prime factors of 84323.
37, 43, 53
What are the prime factors of 775153?
775153
What are the prime factors of 102924?
2, 3, 953
What are the prime factors of 14858978?
2, 37, 200797
List the prime factors of 1288667.
23, 43, 1303
What are the prime factors of 1701681?
3, 193, 2939
List the prime factors of 64947.
3, 21649
What are the prime factors of 89950?
2, 5, 7, 257
What are the prime factors of 12398832?
2, 3, 1063
List the prime factors of 411010.
2, 5, 23, 1787
What are the prime factors of 52213?
7, 7459
List the prime factors of 686763.
3, 7, 11, 991
What are the prime factors of 5405749?
31, 103, 1693
What are the prime factors of 1487623?
1487623
List the prime factors of 420201.
3, 79, 197
What are the prime factors of 611567?
11, 53, 1049
What are the prime factors of 47584?
2, 1487
List the prime factors of 3778789.
7, 149, 3623
List the prime factors of 20937827.
20937827
What are the prime factors of 166958?
2, 11, 7589
List the prime factors of 4321937.
127, 34031
List the prime factors of 7236602.
2, 29, 124769
What are the prime factors of 4844645?
5, 13, 73, 1021
What are the prime factors of 1313859?
3, 437953
What are the prime factors of 556863?
3, 185621
List the prime factors of 1200749.
11, 109159
List the prime factors of 5907230.
2, 5, 7, 84389
What are the prime factors of 1146353?
13, 109, 809
What are the prime factors of 4929244?
2, 151, 8161
What are the prime factors of 23376488?
2, 2922061
List the prime factors of 12703002.
2, 3, 13, 162859
List the prime factors of 481795.
5, 167, 577
List the prime factors of 25331.
73, 347
What are the prime factors of 2813381?
17, 61, 2713
List the prime factors of 23226.
2, 3, 7, 79
List the prime factors of 3163428.
2, 3, 17, 1723
List the prime factors of 146925.
3, 5, 653
What are the prime factors of 26100117?
3, 17, 101, 563
What are the 